{"id":3223,"date":"2021-12-16T19:05:38","date_gmt":"2021-12-16T22:05:38","guid":{"rendered":"https:\/\/ens9003-infd.mendoza.edu.ar\/sitio\/?page_id=3223"},"modified":"2025-10-08T18:48:12","modified_gmt":"2025-10-08T21:48:12","slug":"departamento-de-formacion-continua","status":"publish","type":"page","link":"https:\/\/ens9003-infd.mendoza.edu.ar\/sitio\/departamento-de-formacion-continua\/","title":{"rendered":"Departamento de Formaci\u00f3n Continua"},"content":{"rendered":"\n<figure class=\"wp-block-image alignfull size-full\"><img decoding=\"async\" loading=\"lazy\" width=\"1600\" height=\"333\" src=\"https:\/\/ens9003-infd.mendoza.edu.ar\/sitio\/wp-content\/uploads\/2025\/08\/WhatsApp-Image-2025-08-06-at-12.04.48.jpeg\" alt=\"\" class=\"wp-image-5542\" srcset=\"https:\/\/ens9003-infd.mendoza.edu.ar\/sitio\/wp-content\/uploads\/2025\/08\/WhatsApp-Image-2025-08-06-at-12.04.48.jpeg 1600w, https:\/\/ens9003-infd.mendoza.edu.ar\/sitio\/wp-content\/uploads\/2025\/08\/WhatsApp-Image-2025-08-06-at-12.04.48-1000x208.jpeg 1000w, https:\/\/ens9003-infd.mendoza.edu.ar\/sitio\/wp-content\/uploads\/2025\/08\/WhatsApp-Image-2025-08-06-at-12.04.48-768x160.jpeg 768w, https:\/\/ens9003-infd.mendoza.edu.ar\/sitio\/wp-content\/uploads\/2025\/08\/WhatsApp-Image-2025-08-06-at-12.04.48-1536x320.jpeg 1536w\" sizes=\"(max-width: 1600px) 100vw, 1600px\" \/><\/figure>\n\n\n\n<p class=\"has-text-align-left\">El <strong>Departamento de Formaci\u00f3n Continua<\/strong> como funci\u00f3n sustantiva del Normal Superior 9-003, es el encargado de generar e implementar procesos y dispositivos de formaci\u00f3n posterior a la formaci\u00f3n inicial, con el prop\u00f3sito de fortalecer el trabajo docente y t\u00e9cnico en sus distintos contextos de actuaci\u00f3n, buscando que las pr\u00e1cticas ganen en autonom\u00eda y responsabilidad. Desde y a trav\u00e9s de este departamento, se generan las articulaciones y v\u00ednculos al exterior de la Instituci\u00f3n, tendientes a celebrar acuerdos y convenios que permitan acciones conjuntas en beneficio de los docentes y alumnos del Instituto; as\u00ed como de la comunidad educativa toda (Universidades, otros ISFDyT, ONG\u00b4s, Empresas, Instituciones Educativas en general).<\/p>\n\n\n\n<div class=\"wp-block-columns is-layout-flex wp-container-4\">\n<div class=\"wp-block-column is-layout-flow\"><div class=\"wp-block-image\">\n<figure class=\"aligncenter size-large is-resized\"><a href=\"https:\/\/ens9003-infd.mendoza.edu.ar\/sitio\/postitulos\/\" target=\"_blank\" rel=\"noopener\"><img decoding=\"async\" loading=\"lazy\" src=\"https:\/\/i.imgur.com\/o6X3ylU.png\" alt=\"\" width=\"306\" height=\"285\"\/><\/a><\/figure><\/div><\/div>\n\n\n\n<div class=\"wp-block-column is-layout-flow\">\n<figure class=\"wp-block-image size-large\"><a href=\"https:\/\/ens9003-infd.mendoza.edu.ar\/sitio\/capacitaciones\/\" target=\"_blank\" rel=\"noopener\"><img decoding=\"async\" src=\"https:\/\/i.imgur.com\/Bxh18He.png\" alt=\"\"\/><\/a><\/figure>\n<\/div>\n\n\n\n<div class=\"wp-block-column is-layout-flow\">\n<figure class=\"wp-block-image size-large\"><a href=\"https:\/\/ens9003-infd.mendoza.edu.ar\/sitio\/bitacora-de-actividades\/\" target=\"_blank\" rel=\"noopener\"><img decoding=\"async\" src=\"https:\/\/i.imgur.com\/C94CPEr.png\" alt=\"\"\/><\/a><\/figure>\n<\/div>\n<\/div>\n\n\n\n<p>El Equipo est\u00e1 integrado por la <strong>Jefatura de todo el Departamento<\/strong>, la<strong> Coordinaci\u00f3n de Carreras de Post\u00edtulos<\/strong>, Profesores <strong>Referentes de Post\u00edtulos<\/strong>, el Plantel de <strong>Profesores de Post\u00edtulos<\/strong>, y los <strong>Profesores Extensionistas<\/strong> (abocados tanto a la generaci\u00f3n y dictado de capacitaciones docentes, como a la evaluaci\u00f3n de proyectos de formaci\u00f3n docente de la Jurisdicci\u00f3n)<\/p>\n\n\n\n<hr class=\"wp-block-separator has-css-opacity\"\/>\n\n\n\n<div class=\"wp-block-columns is-layout-flex wp-container-6\">\n<div class=\"wp-block-column is-layout-flow\">\n<p class=\"has-text-align-center\"><strong>Conducci\u00f3n Acad\u00e9mica<br><\/strong>Jefe del Departamento de Formaci\u00f3n Continua: Prof. Lic. Olga Vanesa Bessone<br>Coordinadora de Carreras de Post\u00edtulo: Prof. Esp. Marisol Mart\u00ednez<\/p>\n<\/div>\n<\/div>\n\n\n\n<p class=\"has-text-align-center\"><strong>Equipo de Bedel\u00eda<br><\/strong>Prof. Gisela Macarena Cabrera<br>Prof. Alicia M\u00f3nica Moyano<\/p>\n\n\n\n<div class=\"wp-block-group is-vertical is-content-justification-center is-layout-flex wp-container-7\">\n<p class=\"has-text-align-center\">  <strong>Horarios<\/strong><\/p>\n\n\n\n<p class=\"has-text-align-center\">Lunes, mi\u00e9rcoles y jueves de 16 a 19:30 hs<\/p>\n\n\n\n<p class=\"has-text-align-center\">Martes y Viernes de 8 a 11:30 hs y S\u00e1bado de 9 a 13hs.<\/p>\n\n\n\n<p><strong>San Lorenzo 140 San Rafael Mendoza Argentina CP 5600<\/strong><\/p>\n<\/div>\n\n\n\n<div class=\"wp-block-columns is-layout-flex wp-container-11\">\n<div class=\"wp-block-column is-layout-flow\"><div class=\"wp-block-image\">\n<figure class=\"aligncenter is-resized\"><img decoding=\"async\" loading=\"lazy\" src=\"https:\/\/ens9003-infd.mendoza.edu.ar\/sitio\/wp-content\/uploads\/2021\/12\/instagram.jpg\" alt=\"\" class=\"wp-image-3227\" width=\"79\" height=\"79\"\/><\/figure><\/div>\n\n\n<p class=\"has-text-align-center\"><a rel=\"noreferrer noopener\" href=\"https:\/\/www.instagram.com\/capacitacion.9003\/?hl=es\" target=\"_blank\">capacitaci\u00f3n.9003<\/a><\/p>\n<\/div>\n\n\n\n<div class=\"wp-block-column is-layout-flow\"><div class=\"wp-block-image\">\n<figure class=\"aligncenter is-resized\"><img decoding=\"async\" loading=\"lazy\" src=\"https:\/\/ens9003-infd.mendoza.edu.ar\/sitio\/wp-content\/uploads\/2021\/12\/facebook.png\" alt=\"\" class=\"wp-image-3228\" width=\"71\" height=\"71\"\/><\/figure><\/div>\n\n\n<p class=\"has-text-align-center\"><a rel=\"noreferrer noopener\" href=\"https:\/\/www.facebook.com\/Formaci%C3%B3n-Continua-Normal-Superior-9003-1225502384279448\/\" target=\"_blank\">formacioncontinua.normalsuperior<\/a><\/p>\n<\/div>\n\n\n\n<div class=\"wp-block-column is-layout-flow\"><div class=\"wp-block-image\">\n<figure class=\"aligncenter is-resized\"><img decoding=\"async\" loading=\"lazy\" src=\"https:\/\/ens9003-infd.mendoza.edu.ar\/sitio\/wp-content\/uploads\/2021\/12\/correo.jpg\" alt=\"\" class=\"wp-image-3229\" width=\"95\" height=\"68\"\/><\/figure><\/div>\n\n\n<p class=\"has-text-align-center\"><a href=\"mailto:formacioncontinua@ies9003.edu.ar\" target=\"_blank\" rel=\"noreferrer noopener\">formacioncontinua@ies9003.edu.ar<\/a><\/p>\n<\/div>\n<\/div>\n\n\n\n<div class=\"wp-block-columns is-layout-flex wp-container-13\">\n<div class=\"wp-block-column is-layout-flow\"><div class=\"wp-block-image\">\n<figure class=\"aligncenter is-resized\"><img decoding=\"async\" loading=\"lazy\" src=\"https:\/\/ens9003-infd.mendoza.edu.ar\/sitio\/wp-content\/uploads\/2021\/12\/telefono.png\" alt=\"\" class=\"wp-image-3230\" width=\"70\" height=\"70\"\/><\/figure><\/div>\n\n\n<p class=\"has-text-align-center\"><strong>0260 &#8211; 4423504 (int 22)<\/strong><\/p>\n<\/div>\n<\/div>\n\n\n\n<hr class=\"wp-block-separator has-css-opacity\"\/>\n\n\n\n<p class=\"has-text-align-center\"><\/p>\n\n\n\n<p class=\"has-text-align-center\"><\/p>\n","protected":false},"excerpt":{"rendered":"<p>El Departamento de Formaci\u00f3n Continua como funci\u00f3n sustantiva del Normal Superior 9-003, es el encargado de generar e implementar procesos y dispositivos de formaci\u00f3n posterior a la formaci\u00f3n inicial, con el prop\u00f3sito de fortalecer el trabajo docente y t\u00e9cnico en sus distintos contextos de actuaci\u00f3n, buscando que las pr\u00e1cticas ganen en autonom\u00eda y responsabilidad. Desde &#8230; <a title=\"Departamento de Formaci\u00f3n Continua\" class=\"read-more\" href=\"https:\/\/ens9003-infd.mendoza.edu.ar\/sitio\/departamento-de-formacion-continua\/\" aria-label=\"More on Departamento de Formaci\u00f3n Continua\">[+]<\/a><\/p>\n","protected":false},"author":7,"featured_media":0,"parent":0,"menu_order":0,"comment_status":"closed","ping_status":"closed","template":"","meta":[],"acf":[],"_links":{"self":[{"href":"https:\/\/ens9003-infd.mendoza.edu.ar\/sitio\/wp-json\/wp\/v2\/pages\/3223"}],"collection":[{"href":"https:\/\/ens9003-infd.mendoza.edu.ar\/sitio\/wp-json\/wp\/v2\/pages"}],"about":[{"href":"https:\/\/ens9003-infd.mendoza.edu.ar\/sitio\/wp-json\/wp\/v2\/types\/page"}],"author":[{"embeddable":true,"href":"https:\/\/ens9003-infd.mendoza.edu.ar\/sitio\/wp-json\/wp\/v2\/users\/7"}],"replies":[{"embeddable":true,"href":"https:\/\/ens9003-infd.mendoza.edu.ar\/sitio\/wp-json\/wp\/v2\/comments?post=3223"}],"version-history":[{"count":30,"href":"https:\/\/ens9003-infd.mendoza.edu.ar\/sitio\/wp-json\/wp\/v2\/pages\/3223\/revisions"}],"predecessor-version":[{"id":5684,"href":"https:\/\/ens9003-infd.mendoza.edu.ar\/sitio\/wp-json\/wp\/v2\/pages\/3223\/revisions\/5684"}],"wp:attachment":[{"href":"https:\/\/ens9003-infd.mendoza.edu.ar\/sitio\/wp-json\/wp\/v2\/media?parent=3223"}],"curies":[{"name":"wp","href":"https:\/\/api.w.org\/{rel}","templated":true}]}}