{"id":5633,"date":"2025-09-01T21:58:47","date_gmt":"2025-09-02T00:58:47","guid":{"rendered":"https:\/\/ens9003-infd.mendoza.edu.ar\/sitio\/?page_id=5633"},"modified":"2025-09-01T21:58:49","modified_gmt":"2025-09-02T00:58:49","slug":"tecnicatura-superior-en-acompanamiento-terapeutico","status":"publish","type":"page","link":"https:\/\/ens9003-infd.mendoza.edu.ar\/sitio\/tecnicatura-superior-en-acompanamiento-terapeutico\/","title":{"rendered":"Tecnicatura Superior en Acompa\u00f1amiento Terap\u00e9utico"},"content":{"rendered":"\n<p>______________________________________________________________________________________________________<\/p>\n\n\n\n<p><strong>Carrera:\u00a0<\/strong>Tecnicatura Superior en Acompa\u00f1amiento Terap\u00e9utico<\/p>\n\n\n\n<p><strong>Duraci\u00f3n:<\/strong>\u00a03 a\u00f1os<\/p>\n\n\n\n<p><strong><a href=\"https:\/\/drive.google.com\/file\/d\/1CEYZepEu5NVqrj2d5_TmM6DPlfAF5Zc-\/view\">Resoluci\u00f3n N\u00ba\u00a0778-GDEMZA-DGE-25<\/a><\/strong><\/p>\n\n\n\n<p>______________________________________________________________________________________________________<\/p>\n\n\n\n<p><strong>Documentos \u00fatiles<\/strong><\/p>\n\n\n\n<ul>\n<li><strong><a href=\"https:\/\/drive.google.com\/file\/d\/1G8QMFMRh2jn_sR7oUmcSy9HGYhNSMOzn\/view\">Anexo<\/a><\/strong><\/li>\n<\/ul>\n","protected":false},"excerpt":{"rendered":"<p>______________________________________________________________________________________________________ Carrera:\u00a0Tecnicatura Superior en Acompa\u00f1amiento Terap\u00e9utico Duraci\u00f3n:\u00a03 a\u00f1os Resoluci\u00f3n N\u00ba\u00a0778-GDEMZA-DGE-25 ______________________________________________________________________________________________________ Documentos \u00fatiles<\/p>\n","protected":false},"author":4371,"featured_media":0,"parent":0,"menu_order":0,"comment_status":"closed","ping_status":"closed","template":"","meta":[],"acf":[],"_links":{"self":[{"href":"https:\/\/ens9003-infd.mendoza.edu.ar\/sitio\/wp-json\/wp\/v2\/pages\/5633"}],"collection":[{"href":"https:\/\/ens9003-infd.mendoza.edu.ar\/sitio\/wp-json\/wp\/v2\/pages"}],"about":[{"href":"https:\/\/ens9003-infd.mendoza.edu.ar\/sitio\/wp-json\/wp\/v2\/types\/page"}],"author":[{"embeddable":true,"href":"https:\/\/ens9003-infd.mendoza.edu.ar\/sitio\/wp-json\/wp\/v2\/users\/4371"}],"replies":[{"embeddable":true,"href":"https:\/\/ens9003-infd.mendoza.edu.ar\/sitio\/wp-json\/wp\/v2\/comments?post=5633"}],"version-history":[{"count":2,"href":"https:\/\/ens9003-infd.mendoza.edu.ar\/sitio\/wp-json\/wp\/v2\/pages\/5633\/revisions"}],"predecessor-version":[{"id":5635,"href":"https:\/\/ens9003-infd.mendoza.edu.ar\/sitio\/wp-json\/wp\/v2\/pages\/5633\/revisions\/5635"}],"wp:attachment":[{"href":"https:\/\/ens9003-infd.mendoza.edu.ar\/sitio\/wp-json\/wp\/v2\/media?parent=5633"}],"curies":[{"name":"wp","href":"https:\/\/api.w.org\/{rel}","templated":true}]}}