{"id":915,"date":"2018-06-28T17:25:07","date_gmt":"2018-06-28T20:25:07","guid":{"rendered":"https:\/\/ens9003-mza.infd.edu.ar\/sitio\/estructura-del-instituto\/"},"modified":"2025-11-13T19:20:56","modified_gmt":"2025-11-13T22:20:56","slug":"estructura-del-instituto","status":"publish","type":"page","link":"https:\/\/ens9003-infd.mendoza.edu.ar\/sitio\/estructura-del-instituto\/","title":{"rendered":"Estructura del Instituto"},"content":{"rendered":"<p style=\"text-align: left;\"><strong><span style=\"font-size: 13.5pt;\"><span style=\"font-family: Arial, Helvetica, sans-serif;\"><span style=\"color: #000080;\">Estructura del Instituto de Formaci\u00f3n Docente N\u00ba T-003<\/span><\/span><\/span><\/strong><\/p>\n<p style=\"text-align: left;\"><span style=\"color: #0000ff;\">\u00c1mbito:\u00a0<\/span><em style=\"font-family: Arial, Helvetica, sans-serif; text-indent: -18pt;\">Urbano<\/em><\/p>\n<p style=\"text-align: left;\"><span style=\"color: #0000ff;\">Tipo de Edificio:\u00a0<\/span><em style=\"font-family: Arial, Helvetica, sans-serif; text-indent: -18pt;\">Propio<\/em><\/p>\n<p style=\"text-align: left;\"><span style=\"color: #0000ff;\">Turnos en que se desarrollan las actividades:\u00a0<\/span><em style=\"font-family: Arial, Helvetica, sans-serif; text-indent: -18pt;\">Vespertino &#8211; Nocturno<\/em><\/p>\n<p style=\"text-align: left;\"><span style=\"color: #0000ff;\">Modalidad y Especializaci\u00f3n:\u00a0<\/span><em style=\"font-family: Arial, Helvetica, sans-serif; text-indent: -18pt;\">Instituto de Formaci\u00f3n Docente y T\u00e9cnica<\/em><\/p>\n<p style=\"text-align: left;\"><span style=\"color: #0000ff;\">Comparte el edificio con: <\/span><em><span style=\"font-family: Arial, Helvetica, sans-serif; text-indent: -18pt;\">Escuela Normal Nivel Inicial, Primaria y Secundaria.<\/span><\/em><\/p>\n<p style=\"text-align: left;\"><span style=\"color: #000080;\"><strong style=\"font-family: Arial, Helvetica, sans-serif; text-indent: -18pt;\">Plano distribuci\u00f3n de espacios\u00a0<\/strong><\/span><\/p>\n<p><a href=\"https:\/\/ens9003-infd.mendoza.edu.ar\/sitio\/wp-content\/uploads\/2025\/11\/pb.jpg\">Planta_Baja_2025<\/a> \u00a0&#8211;\u00a0 <a href=\"https:\/\/ens9003-infd.mendoza.edu.ar\/sitio\/wp-content\/uploads\/2025\/11\/pa.jpg\">Planta_Alta_2025<\/a><\/p>\n","protected":false},"excerpt":{"rendered":"<p>Estructura del Instituto de Formaci\u00f3n Docente N\u00ba T-003 \u00c1mbito:\u00a0Urbano Tipo de Edificio:\u00a0Propio Turnos en que se desarrollan las actividades:\u00a0Vespertino &#8211; Nocturno Modalidad y Especializaci\u00f3n:\u00a0Instituto de Formaci\u00f3n Docente y T\u00e9cnica Comparte el edificio con: Escuela Normal Nivel Inicial, Primaria y Secundaria. Plano distribuci\u00f3n de espacios\u00a0 Planta_Baja_2025 \u00a0&#8211;\u00a0 Planta_Alta_2025<\/p>\n","protected":false},"author":7,"featured_media":0,"parent":0,"menu_order":0,"comment_status":"closed","ping_status":"closed","template":"","meta":[],"acf":[],"_links":{"self":[{"href":"https:\/\/ens9003-infd.mendoza.edu.ar\/sitio\/wp-json\/wp\/v2\/pages\/915"}],"collection":[{"href":"https:\/\/ens9003-infd.mendoza.edu.ar\/sitio\/wp-json\/wp\/v2\/pages"}],"about":[{"href":"https:\/\/ens9003-infd.mendoza.edu.ar\/sitio\/wp-json\/wp\/v2\/types\/page"}],"author":[{"embeddable":true,"href":"https:\/\/ens9003-infd.mendoza.edu.ar\/sitio\/wp-json\/wp\/v2\/users\/7"}],"replies":[{"embeddable":true,"href":"https:\/\/ens9003-infd.mendoza.edu.ar\/sitio\/wp-json\/wp\/v2\/comments?post=915"}],"version-history":[{"count":3,"href":"https:\/\/ens9003-infd.mendoza.edu.ar\/sitio\/wp-json\/wp\/v2\/pages\/915\/revisions"}],"predecessor-version":[{"id":5709,"href":"https:\/\/ens9003-infd.mendoza.edu.ar\/sitio\/wp-json\/wp\/v2\/pages\/915\/revisions\/5709"}],"wp:attachment":[{"href":"https:\/\/ens9003-infd.mendoza.edu.ar\/sitio\/wp-json\/wp\/v2\/media?parent=915"}],"curies":[{"name":"wp","href":"https:\/\/api.w.org\/{rel}","templated":true}]}}