{"id":944,"date":"2018-06-28T17:25:18","date_gmt":"2018-06-28T20:25:18","guid":{"rendered":"https:\/\/ens9003-mza.infd.edu.ar\/sitio\/circulares-y-resoluciones-isfdyt-n-9-003\/"},"modified":"2024-12-26T23:06:37","modified_gmt":"2024-12-27T02:06:37","slug":"circulares-y-resoluciones-isfdyt-n-9-003","status":"publish","type":"page","link":"https:\/\/ens9003-infd.mendoza.edu.ar\/sitio\/circulares-y-resoluciones-isfdyt-n-9-003\/","title":{"rendered":"Normativa ISFD y T N\u00b0 9-003 Normal Superior"},"content":{"rendered":"\n<h2 class=\"wp-block-heading has-text-align-center has-base-3-color has-pale-ocean-gradient-background has-text-color has-background\">2024<\/h2>\n\n\n\n<p><a href=\"https:\/\/drive.google.com\/file\/d\/13dyJsx6Y73A8P7GYDwFKSirWG62kQiEM\/view?usp=sharing\" data-type=\"URL\" data-id=\"https:\/\/drive.google.com\/file\/d\/13dyJsx6Y73A8P7GYDwFKSirWG62kQiEM\/view?usp=sharing\" target=\"_blank\" rel=\"noreferrer noopener\">Resoluci\u00f3n N\u00b0 2024-257-E-GDEMZA-CGES#DGE Resol. convocatoria traslados y permutas Nivel Superior &#8211; Direcci\u00f3n de Educaci\u00f3n Superior<\/a><\/p>\n\n\n\n<p><a href=\"https:\/\/docs.google.com\/document\/d\/1aTDkkPTFz-LoUBIq5S3Ym5dkJuwU2v27\/edit?usp=sharing&amp;ouid=104761788983279287480&amp;rtpof=true&amp;sd=true\" data-type=\"URL\" data-id=\"https:\/\/docs.google.com\/document\/d\/1aTDkkPTFz-LoUBIq5S3Ym5dkJuwU2v27\/edit?usp=sharing&amp;ouid=104761788983279287480&amp;rtpof=true&amp;sd=true\" target=\"_blank\" rel=\"noreferrer noopener\">Anexo I Traslados Resol 257<\/a><\/p>\n\n\n\n<p><a rel=\"noreferrer noopener\" href=\"https:\/\/docs.google.com\/document\/d\/13X9om72c9wUK1Sh2ejJ9QHUJosoMAnoe\/edit?usp=sharing&amp;ouid=104761788983279287480&amp;rtpof=true&amp;sd=true\" data-type=\"URL\" data-id=\"https:\/\/docs.google.com\/document\/d\/13X9om72c9wUK1Sh2ejJ9QHUJosoMAnoe\/edit?usp=sharing&amp;ouid=104761788983279287480&amp;rtpof=true&amp;sd=true\" target=\"_blank\">Anexo II Permutas Resol 257<\/a><\/p>\n\n\n\n<p><a href=\"https:\/\/drive.google.com\/file\/d\/1l3PPWw7WQvjVdyRpt5WXJh4WGuAwaBoY\/view?usp=sharing\" data-type=\"URL\" data-id=\"https:\/\/drive.google.com\/file\/d\/1l3PPWw7WQvjVdyRpt5WXJh4WGuAwaBoY\/view?usp=sharing\" target=\"_blank\" rel=\"noreferrer noopener\">Resoluci\u00f3n-2024-392-E-GDMZA-CGESES<em>#<\/em>DGE-24 Re\u0301gimen Acade\u0301mico Institucional IFDyT 9-003<\/a><\/p>\n\n\n\n<p><a href=\"https:\/\/drive.google.com\/file\/d\/1TUV9KJittr2XUjddpl72ecOy_WIYle5v\/view?usp=sharing\" data-type=\"URL\" data-id=\"https:\/\/drive.google.com\/file\/d\/1TUV9KJittr2XUjddpl72ecOy_WIYle5v\/view?usp=sharing\" target=\"_blank\" rel=\"noreferrer noopener\">R\u00e9gimen Acad\u00e9mico Institucional (RAI)<\/a><\/p>\n\n\n\n<h2 class=\"wp-block-heading has-text-align-center has-base-3-color has-vivid-cyan-blue-to-vivid-purple-gradient-background has-text-color has-background\">2023<\/h2>\n\n\n\n<p><a rel=\"noopener\" href=\"https:\/\/ens9003-infd.mendoza.edu.ar\/sitio\/wp-content\/uploads\/2023\/07\/Acta-Acuerdo-Carteles-y-Elementos-Graficos.pdf\" target=\"_blank\">Acta Acuerdo Carteles y Elementos Gr\u00e1ficos<\/a><\/p>\n\n\n\n<hr class=\"wp-block-separator has-alpha-channel-opacity\"\/>\n\n\n\n<h2 class=\"wp-block-heading has-text-align-center\">2022<\/h2>\n\n\n\n<p><a href=\"https:\/\/ens9003-infd.mendoza.edu.ar\/sitio\/nota-aclaratoria_\/\" target=\"_blank\" rel=\"noopener\">Junta Electoral &#8211; Nota aclaratoria (proyectos aprobados)<\/a><\/p>\n\n\n\n<p><a href=\"https:\/\/ens9003-infd.mendoza.edu.ar\/sitio\/terminos-criterios-campana-electoral-cargos-unipersonales-y-consejeros\/\" target=\"_blank\" rel=\"noopener\">Junta Electoral &#8211; Condiciones para el per\u00edodo de campa\u00f1a electoral cargos unipersonales y consejeros<\/a><\/p>\n\n\n\n<p><a href=\"https:\/\/ens9003-infd.mendoza.edu.ar\/sitio\/oficializacion-de-los-elegibles-2022\/\" target=\"_blank\" rel=\"noopener\">Junta Electoral &#8211; Oficializaci\u00f3n de los elegibles 2022<\/a><\/p>\n\n\n\n<p><a href=\"https:\/\/ens9003-infd.mendoza.edu.ar\/sitio\/comunicado-junta-consejeros\/\" target=\"_blank\" rel=\"noopener\">Junta Electoral &#8211; Listas de consejeros<\/a><\/p>\n\n\n\n<p><a href=\"https:\/\/ens9003-infd.mendoza.edu.ar\/sitio\/junta-electoral-1\/\" target=\"_blank\" rel=\"noopener\">Junta Electoral &#8211; Condiciones para ser consejero<\/a><\/p>\n\n\n\n<p><a href=\"https:\/\/ens9003-infd.mendoza.edu.ar\/sitio\/resolucion-28-22-c-d\/\" target=\"_blank\" rel=\"noopener\">Resoluci\u00f3n N\u00b0 28\/2022<\/a> &#8211; <span style=\"color: #ff0000;\"><a style=\"color: #ff0000;\" href=\"https:\/\/ens9003-infd.mendoza.edu.ar\/sitio\/cronograma-corregido-14-09-22\/\" target=\"_blank\" rel=\"noopener\">Cronograma (actualizado)<\/a><\/span> &#8211; Consejo Directivo ISFD y T N\u00b0 9-003 Normal Superior<\/p>\n\n\n\n<p><a href=\"https:\/\/ens9003-infd.mendoza.edu.ar\/sitio\/resolucion-n-24-2022-consejo-directivo-isfd-y-t-n-9-003-normal-superior\/\" target=\"_blank\" rel=\"noopener\">Resoluci\u00f3n N\u00b0 24\/2022 &#8211; Consejo Directivo ISFD y T N\u00b0 9-003 Normal Superior<\/a> &#8211; Cronograma de Elecciones 2022<\/p>\n\n\n\n<p><a href=\"https:\/\/ens9003-infd.mendoza.edu.ar\/sitio\/roi\/\" target=\"_blank\" rel=\"noopener\">ROI &#8211; Reglamento Org\u00e1nico Institucional<\/a><\/p>\n\n\n\n<p><a href=\"https:\/\/ens9003-infd.mendoza.edu.ar\/sitio\/acuerdos-institucionales-para-la-prevencion-y-cuidado-personal-del-alumnado-y-docentes-del-nivel-superior\/\" target=\"_blank\" rel=\"noopener\">Acuerdos institucionales para la prevenci\u00f3n y cuidado personal del alumnado y docentes del Nivel Superior<\/a><\/p>\n\n\n\n<p><a href=\"https:\/\/ens9003-infd.mendoza.edu.ar\/sitio\/anexo-i\/\" target=\"_blank\" rel=\"noopener\">Anexo I&nbsp; <span class=\"fontstyle0\">Protocolo Marco Provincial COVID-19<\/span><\/a><\/p>\n\n\n\n<p><a href=\"https:\/\/ens9003-infd.mendoza.edu.ar\/sitio\/carteleria-prevencion-covid\/\" target=\"_blank\" rel=\"noopener\">Carteler\u00eda prevenci\u00f3n COVID-19<\/a><\/p>\n\n\n\n<p><a href=\"https:\/\/ens9003-infd.mendoza.edu.ar\/sitio\/anexo-resolucion-21-2020-de-consejo-directivo\/\" target=\"_blank\" rel=\"noopener\">Anexo Resoluci\u00f3n N\u00b0 21-2020 de Consejo Directivo<\/a><\/p>\n\n\n\n<p><a href=\"https:\/\/drive.google.com\/file\/d\/1rrLPe-qyDHQ2159hkGqKKcGSv3e0QkHb\/view?usp=sharing\" target=\"_blank\" rel=\"noopener\">Resoluci\u00f3n N\u00b0 21-2020 &#8211; Acuerdo CA_CD<\/a><\/p>\n\n\n\n<p><a href=\"https:\/\/ens9003-infd.mendoza.edu.ar\/sitio\/wp-content\/uploads\/2020\/05\/resolucion-09-versi\u00f3n-final.pdf\" target=\"_blank\" rel=\"noopener\">Resoluci\u00f3n N\u00b0 09-2020 &#8211; <span class=\"fontstyle0\">Proyecto institucional para una evaluaci\u00f3n mediada por TIC<\/span>&nbsp;<\/a><\/p>\n\n\n\n<p><a href=\"https:\/\/ens9003-infd.mendoza.edu.ar\/sitio\/wp-content\/uploads\/2020\/03\/acta-funciones-escuela-aislamiento.pdf\" target=\"_blank\" rel=\"noopener\">Acta organizaci\u00f3n virtual de la Instituci\u00f3n<\/a><\/p>\n\n\n\n<p><a href=\"https:\/\/ens9003-infd.mendoza.edu.ar\/sitio\/wp-content\/uploads\/2019\/11\/circular_2_Simposio_9003.pdf\" target=\"_blank\" rel=\"noopener\">Circular 02<\/a> &#8211; 1\u00b0 Simposio de Investigaci\u00f3n Educativa del Sur Mendocino<\/p>\n\n\n\n<p><a href=\"https:\/\/ens9003-infd.mendoza.edu.ar\/sitio\/wp-content\/uploads\/2019\/11\/circular_I_Simposio_Investigacion.pdf\" target=\"_blank\" rel=\"noopener\">Circular 01<\/a> &#8211; 1\u00b0 Simposio de Investigaci\u00f3n Educativa del Sur Mendocino<\/p>\n\n\n\n<p><strong>RAI<\/strong> &#8211;&nbsp;Reglamento Acad\u00e9mico Institucional<\/p>\n","protected":false},"excerpt":{"rendered":"<p>2024 Resoluci\u00f3n N\u00b0 2024-257-E-GDEMZA-CGES#DGE Resol. convocatoria traslados y permutas Nivel Superior &#8211; Direcci\u00f3n de Educaci\u00f3n Superior Anexo I Traslados Resol 257 Anexo II Permutas Resol 257 Resoluci\u00f3n-2024-392-E-GDMZA-CGESES#DGE-24 Re\u0301gimen Acade\u0301mico Institucional IFDyT 9-003 R\u00e9gimen Acad\u00e9mico Institucional (RAI) 2023 Acta Acuerdo Carteles y Elementos Gr\u00e1ficos 2022 Junta Electoral &#8211; Nota aclaratoria (proyectos aprobados) Junta Electoral &#8211; Condiciones &#8230; <a title=\"Normativa ISFD y T N\u00b0 9-003 Normal Superior\" class=\"read-more\" href=\"https:\/\/ens9003-infd.mendoza.edu.ar\/sitio\/circulares-y-resoluciones-isfdyt-n-9-003\/\" aria-label=\"More on Normativa ISFD y T N\u00b0 9-003 Normal Superior\">[+]<\/a><\/p>\n","protected":false},"author":7,"featured_media":0,"parent":0,"menu_order":0,"comment_status":"closed","ping_status":"closed","template":"","meta":[],"acf":[],"_links":{"self":[{"href":"https:\/\/ens9003-infd.mendoza.edu.ar\/sitio\/wp-json\/wp\/v2\/pages\/944"}],"collection":[{"href":"https:\/\/ens9003-infd.mendoza.edu.ar\/sitio\/wp-json\/wp\/v2\/pages"}],"about":[{"href":"https:\/\/ens9003-infd.mendoza.edu.ar\/sitio\/wp-json\/wp\/v2\/types\/page"}],"author":[{"embeddable":true,"href":"https:\/\/ens9003-infd.mendoza.edu.ar\/sitio\/wp-json\/wp\/v2\/users\/7"}],"replies":[{"embeddable":true,"href":"https:\/\/ens9003-infd.mendoza.edu.ar\/sitio\/wp-json\/wp\/v2\/comments?post=944"}],"version-history":[{"count":34,"href":"https:\/\/ens9003-infd.mendoza.edu.ar\/sitio\/wp-json\/wp\/v2\/pages\/944\/revisions"}],"predecessor-version":[{"id":5212,"href":"https:\/\/ens9003-infd.mendoza.edu.ar\/sitio\/wp-json\/wp\/v2\/pages\/944\/revisions\/5212"}],"wp:attachment":[{"href":"https:\/\/ens9003-infd.mendoza.edu.ar\/sitio\/wp-json\/wp\/v2\/media?parent=944"}],"curies":[{"name":"wp","href":"https:\/\/api.w.org\/{rel}","templated":true}]}}

<h2 class="wp-block-heading has-text-align-center has-base-3-color has-pale-ocean-gradient-background has-text-color has-background">2024</h2>



<p><a href="https://drive.google.com/file/d/13dyJsx6Y73A8P7GYDwFKSirWG62kQiEM/view?usp=sharing" data-type="URL" data-id="https://drive.google.com/file/d/13dyJsx6Y73A8P7GYDwFKSirWG62kQiEM/view?usp=sharing" target="_blank" rel="noreferrer noopener">Resolución N° 2024-257-E-GDEMZA-CGES#DGE Resol. convocatoria traslados y permutas Nivel Superior &#8211; Dirección de Educación Superior</a></p>



<p><a href="https://docs.google.com/document/d/1aTDkkPTFz-LoUBIq5S3Ym5dkJuwU2v27/edit?usp=sharing&amp;ouid=104761788983279287480&amp;rtpof=true&amp;sd=true" data-type="URL" data-id="https://docs.google.com/document/d/1aTDkkPTFz-LoUBIq5S3Ym5dkJuwU2v27/edit?usp=sharing&amp;ouid=104761788983279287480&amp;rtpof=true&amp;sd=true" target="_blank" rel="noreferrer noopener">Anexo I Traslados Resol 257</a></p>



<p><a rel="noreferrer noopener" href="https://docs.google.com/document/d/13X9om72c9wUK1Sh2ejJ9QHUJosoMAnoe/edit?usp=sharing&amp;ouid=104761788983279287480&amp;rtpof=true&amp;sd=true" data-type="URL" data-id="https://docs.google.com/document/d/13X9om72c9wUK1Sh2ejJ9QHUJosoMAnoe/edit?usp=sharing&amp;ouid=104761788983279287480&amp;rtpof=true&amp;sd=true" target="_blank">Anexo II Permutas Resol 257</a></p>



<p><a href="https://drive.google.com/file/d/1l3PPWw7WQvjVdyRpt5WXJh4WGuAwaBoY/view?usp=sharing" data-type="URL" data-id="https://drive.google.com/file/d/1l3PPWw7WQvjVdyRpt5WXJh4WGuAwaBoY/view?usp=sharing" target="_blank" rel="noreferrer noopener">Resolución-2024-392-E-GDMZA-CGESES<em>#</em>DGE-24 Régimen Académico Institucional IFDyT 9-003</a></p>



<p><a href="https://drive.google.com/file/d/1TUV9KJittr2XUjddpl72ecOy_WIYle5v/view?usp=sharing" data-type="URL" data-id="https://drive.google.com/file/d/1TUV9KJittr2XUjddpl72ecOy_WIYle5v/view?usp=sharing" target="_blank" rel="noreferrer noopener">Régimen Académico Institucional (RAI)</a></p>



<h2 class="wp-block-heading has-text-align-center has-base-3-color has-vivid-cyan-blue-to-vivid-purple-gradient-background has-text-color has-background">2023</h2>



<p><a rel="noopener" href="https://ens9003-infd.mendoza.edu.ar/sitio/wp-content/uploads/2023/07/Acta-Acuerdo-Carteles-y-Elementos-Graficos.pdf" target="_blank">Acta Acuerdo Carteles y Elementos Gráficos</a></p>



<hr class="wp-block-separator has-alpha-channel-opacity"/>



<h2 class="wp-block-heading has-text-align-center">2022</h2>



<p><a href="https://ens9003-infd.mendoza.edu.ar/sitio/nota-aclaratoria_/" target="_blank" rel="noopener">Junta Electoral &#8211; Nota aclaratoria (proyectos aprobados)</a></p>



<p><a href="https://ens9003-infd.mendoza.edu.ar/sitio/terminos-criterios-campana-electoral-cargos-unipersonales-y-consejeros/" target="_blank" rel="noopener">Junta Electoral &#8211; Condiciones para el período de campaña electoral cargos unipersonales y consejeros</a></p>



<p><a href="https://ens9003-infd.mendoza.edu.ar/sitio/oficializacion-de-los-elegibles-2022/" target="_blank" rel="noopener">Junta Electoral &#8211; Oficialización de los elegibles 2022</a></p>



<p><a href="https://ens9003-infd.mendoza.edu.ar/sitio/comunicado-junta-consejeros/" target="_blank" rel="noopener">Junta Electoral &#8211; Listas de consejeros</a></p>



<p><a href="https://ens9003-infd.mendoza.edu.ar/sitio/junta-electoral-1/" target="_blank" rel="noopener">Junta Electoral &#8211; Condiciones para ser consejero</a></p>



<p><a href="https://ens9003-infd.mendoza.edu.ar/sitio/resolucion-28-22-c-d/" target="_blank" rel="noopener">Resolución N° 28/2022</a> &#8211; <span style="color: #ff0000;"><a style="color: #ff0000;" href="https://ens9003-infd.mendoza.edu.ar/sitio/cronograma-corregido-14-09-22/" target="_blank" rel="noopener">Cronograma (actualizado)</a></span> &#8211; Consejo Directivo ISFD y T N° 9-003 Normal Superior</p>



<p><a href="https://ens9003-infd.mendoza.edu.ar/sitio/resolucion-n-24-2022-consejo-directivo-isfd-y-t-n-9-003-normal-superior/" target="_blank" rel="noopener">Resolución N° 24/2022 &#8211; Consejo Directivo ISFD y T N° 9-003 Normal Superior</a> &#8211; Cronograma de Elecciones 2022</p>



<p><a href="https://ens9003-infd.mendoza.edu.ar/sitio/roi/" target="_blank" rel="noopener">ROI &#8211; Reglamento Orgánico Institucional</a></p>



<p><a href="https://ens9003-infd.mendoza.edu.ar/sitio/acuerdos-institucionales-para-la-prevencion-y-cuidado-personal-del-alumnado-y-docentes-del-nivel-superior/" target="_blank" rel="noopener">Acuerdos institucionales para la prevención y cuidado personal del alumnado y docentes del Nivel Superior</a></p>



<p><a href="https://ens9003-infd.mendoza.edu.ar/sitio/anexo-i/" target="_blank" rel="noopener">Anexo I&nbsp; <span class="fontstyle0">Protocolo Marco Provincial COVID-19</span></a></p>



<p><a href="https://ens9003-infd.mendoza.edu.ar/sitio/carteleria-prevencion-covid/" target="_blank" rel="noopener">Cartelería prevención COVID-19</a></p>



<p><a href="https://ens9003-infd.mendoza.edu.ar/sitio/anexo-resolucion-21-2020-de-consejo-directivo/" target="_blank" rel="noopener">Anexo Resolución N° 21-2020 de Consejo Directivo</a></p>



<p><a href="https://drive.google.com/file/d/1rrLPe-qyDHQ2159hkGqKKcGSv3e0QkHb/view?usp=sharing" target="_blank" rel="noopener">Resolución N° 21-2020 &#8211; Acuerdo CA_CD</a></p>



<p><a href="https://ens9003-infd.mendoza.edu.ar/sitio/wp-content/uploads/2020/05/resolucion-09-versión-final.pdf" target="_blank" rel="noopener">Resolución N° 09-2020 &#8211; <span class="fontstyle0">Proyecto institucional para una evaluación mediada por TIC</span>&nbsp;</a></p>



<p><a href="https://ens9003-infd.mendoza.edu.ar/sitio/wp-content/uploads/2020/03/acta-funciones-escuela-aislamiento.pdf" target="_blank" rel="noopener">Acta organización virtual de la Institución</a></p>



<p><a href="https://ens9003-infd.mendoza.edu.ar/sitio/wp-content/uploads/2019/11/circular_2_Simposio_9003.pdf" target="_blank" rel="noopener">Circular 02</a> &#8211; 1° Simposio de Investigación Educativa del Sur Mendocino</p>



<p><a href="https://ens9003-infd.mendoza.edu.ar/sitio/wp-content/uploads/2019/11/circular_I_Simposio_Investigacion.pdf" target="_blank" rel="noopener">Circular 01</a> &#8211; 1° Simposio de Investigación Educativa del Sur Mendocino</p>



<p><strong>RAI</strong> &#8211;&nbsp;Reglamento Académico Institucional</p>

<p>2024 Resolución N° 2024-257-E-GDEMZA-CGES#DGE Resol. convocatoria traslados y permutas Nivel Superior &#8211; Dirección de Educación Superior Anexo I Traslados Resol 257 Anexo II Permutas Resol 257 Resolución-2024-392-E-GDMZA-CGESES#DGE-24 Régimen Académico Institucional IFDyT 9-003 Régimen Académico Institucional (RAI) 2023 Acta Acuerdo Carteles y Elementos Gráficos 2022 Junta Electoral &#8211; Nota aclaratoria (proyectos aprobados) Junta Electoral &#8211; Condiciones &#8230; <a title="Normativa ISFD y T N° 9-003 Normal Superior" class="read-more" href="https://ens9003-infd.mendoza.edu.ar/sitio/circulares-y-resoluciones-isfdyt-n-9-003/" aria-label="More on Normativa ISFD y T N° 9-003 Normal Superior">[+]</a></p>
